is a + 71ed4?
71ede
In base 4, what is -123211 + 122233100?
122103223
In base 3, what is 21000111100112 - -11?
21000111100200
In base 10, what is 1 + -616117?
-616116
In base 8, what is 41 - -13570214?
13570255
In base 9, what is 4 + -213662754?
-213662750
In base 9, what is -160 - 15503?
-15663
In base 8, what is -1551523 + 1034?
-1550467
In base 6, what is -1405522102 + 1?
-1405522101
In base 14, what is -13 + 58?
45
In base 12, what is -51b172488 + 1?
-51b172487
In base 12, what is 14225930 + -a?
14225922
In base 11, what is -213 - -116764?
116551
In base 3, what is 20 - -11020101120010?
11020101120100
In base 4, what is -12211010010 - -101?
-12211003303
In base 12, what is -892138 - b7?
-892233
In base 13, what is -1362ca + 2?
-1362c8
In base 5, what is -102021303 - -3322?
-102012431
In base 11, what is 23064040 + -2?
23064039
In base 10, what is 253708 + -5?
253703
In base 15, what is -14be1e - -38b?
-14ba83
In base 6, what is 122100324152 - -4?
122100324200
In base 4, what is -1 - 1112313223?
-1112313230
In base 6, what is -22052340 + 2?
-22052334
In base 4, what is -101131 - -1203121?
1101330
In base 3, what is -1011012 + -212212000?
-221000012
In base 13, what is 8c - 6c1613?
-6c1554
In base 16, what is -4 - -139b0f76?
139b0f72
In base 7, what is 6412314 + -305?
6412006
In base 13, what is -2c53c + -2c9?
-2c838
In base 16, what is -10be25f6 - -3?
-10be25f3
In base 15, what is -1743a5 - -474?
-173e31
In base 15, what is -2a2c23d - 8?
-2a2c246
In base 12, what is 4 + -3ba3815?
-3ba3811
In base 15, what is -3798718 + -5?
-379871d
In base 4, what is 20033202001 + 222?
20033202223
In base 13, what is 16a7 - -25b21?
274c8
In base 8, what is -423 + 75001?
74356
In base 8, what is -261505620 - -2?
-261505616
In base 4, what is -23 + 111302132121?
111302132032
In base 14, what is a9192 + -3?
a918d
In base 7, what is 641 - 1041?
-100
In base 5, what is -11 + -112132304332?
-112132304343
In base 14, what is 1d1415b - -2?
1d1415d
In base 12, what is -2aa + 1a532?
1a244
In base 12, what is -135872 + -55b?
-136211
In base 15, what is -6688 - -30ed?
-358a
In base 6, what is 14 + 2230012013?
2230012031
In base 5, what is -14 + -221333443?
-221334012
In base 8, what is -377474515 + 0?
-377474515
In base 3, what is 110111221012210121 + 12?
110111221012210210
In base 13, what is 2865b5 - -21c?
286804
In base 11, what is -14487a1 + 6?
-1448796
In base 15, what is 2cac27 + -14?
2cac13
In base 12, what is 4 + 1283b25?
1283b29
In base 11, what is 1a040745 - 3?
1a040742
In base 3, what is 1100110101002 - -101?
1100110101110
In base 2, what is 1111101110101001111110 + 1?
1111101110101001111111
In base 8, what is -3 + 1304336?
1304333
In base 11, what is 948 - -200456?
2012a3
In base 2, what is -10100 - -1001010110110110110?
1001010110110100010
In base 12, what is 3 + -4aaa10?
-4aaa09
In base 7, what is 2113351 + -1?
2113350
In base 4, what is 22133 + 300012?
322211
In base 8, what is -2 - -444006?
444004
In base 9, what is -35483464 + 0?
-35483464
In base 7, what is -3334 - -2413061?
2406424
In base 3, what is 0 + -2001212012012?
-2001212012012
In base 11, what is 4737352 + 5?
4737357
In base 4, what is 11111123 - 32022?
11013101
In base 11, what is -3070 - -189140?
186080
In base 4, what is 1220233002 + -1031?
1220231311
In base 5, what is -20320024314 + -3?
-20320024322
In base 6, what is 315050331 - -1?
315050332
In base 7, what is -20 + -553565632?
-553565652
In base 4, what is 121 - 230323211?
-230323030
In base 10, what is 34249 - -72?
34321
In base 6, what is 234514131 - 12?
234514115
In base 12, what is -7329 - -28a1?
-4648
In base 14, what is 2b83417 + -3?
2b83414
In base 4, what is -121231332211 + -202?
-121231333013
In base 15, what is -2d0 - 495c4?
-498a4
In base 11, what is -1a5560382 + -2?
-1a5560384
In base 8, what is -3 + 1050665076?
1050665073
In base 12, what is 3870 - -10594?
14244
In base 14, what is -179b7c7 + 6?
-179b7c1
In base 12, what is -547213 + 140?
-547093
In base 15, what is 323a5 + -45?
32360
In base 13, what is 31092b3 + -2?
31092b1
In base 15, what is 509be + -17a?
50844
In base 4, what is 1230 - -132220103?
132221333
In base 13, what is 1182 - 291b?
-1769
In base 15, what is 312c + 6080?
91ac
In base 14, what is -8 + 85b1ad0?
85b1ac6
In base 12, what is -1048582a + -b?
-10485839
In base 12, what is 9 - 4ba43?
-4ba36
In base 3, what is 2 - 10001100212221?
-10001100212212
In base 14, what is 1855bd2 - -7?
1855bd9
In base 12, what is -9986 + -1896?
-b660
In base 16, what is 13 - 1590ed6?
-1590ec3
In base 16, what is e3 + -70a?
-627
In base 2, what is -101 - -1000000001111010000101?
1000000001111010000000
In base 11, what is -5 + -7106a851?
-7106a856
In base 3, what is -120021002120210121 + 2?
-120021002120210112
In base 7, what is 545006402 + 3?
545006405
In base 16, what is 13a837 - -5?
13a83c
In base 6, what is -1020223 - 1?
-1020224
In base 10, what is -8002 - -929?
-7073
In base 5, what is 0 + -44222323?
-44222323
In base 12, what is 2491 - 122372?
-11baa1
In base 9, what is 11308 + 551?
11860
In base 7, what is 443005 - 263?
442412
In base 11, what is -1a2 - 7019?
-7210
In base 3, what is 2222012002202 + 10?
2222012002212
In base 12, what is -100 - -3146?
3046
In base 10, what is 289768 - 29?
289739
In base 2, what is -10101010001000 - 10100001010?
-10111110010010
In base 2, what is 100000010101001 - -100000101?
100000110101110
In base 11, what is -2704 - 2a944?
-32548
In base 16, what is 1f4bf - 5ed?
1eed2
In base 4, what is 3 + 12300112030?
12300112033
In base 13, what is 366a1c9 + 2?
366a1cb
In base 2, what is 10001001 + -1010100100000100?
-1010100001111011
In base 4, what is -10132133232 + -2?
-10132133300
In base 8, what is -5 - 17700603?
-17700610
In base 15, what is -63b + -9d65?
-a4a1
In base 4, what is 12 + 30101002222?
30101002300
In base 8, what is -121655 + -66?
-121743
In base 5, what is 2102 + -44044204?
-44042102
In base 2, what is -11001011100101100011011 - -11?
-11001011100101100011000
In base 2, what is 100010100101101101100010001 - 1?
100010100101101101100010000
In base 7, what is -1045415661 - -3?
-1045415655
In base 11, what is -1522 - -39568?
38046
In base 5, what is 11414243 + -124031?
11240212
In base 10, what is 802 - 108881?
-108079
In base 10, what is 447962 + 202?
448164
In base 15, what is 32d5 - -296?
357b
In base 14, what is -3 + 343988?
343985
In base 12, what is -252985 - -37?
-25294a
In base 10, what is -162198 + 115?
-162083
In base 7, what is -64326436 - 155?
-64326624
In base 11, what is a881 - -94a1?
19272
In base 16, what is 6d0fe - -1c?
6d11a
In base 15, what is -1382 - -6987?
5605
In base 7, what is 160061432 + -1?
160061431
In base 10, what is -186313 - -187?
-186126
In base 2, what is 10110000110001100 - -100100?
10110000110110000
In base 14, what is 1 + -b63825?
-b63824
In base 8, what is -62235 - -54?
-62161
In base 7, what is 115222 + 10?
115232
In base 12, what is -56474 - -41a?
-56056
In base 9, what is -5844 - -5302?
-542
In base 15, what is -5e8a3 - -1d5?
-5e6bd
In base 13, what is -2c7c + 59c?
-26b0
In base 12, what is -275 - -1828a?
18015
In base 5, what is 2131011 + 112?
2131123
In base 15, what is 3da - 1cadb?
-1c701
In base 10, what is 1032 + -2354?
-1322
In base 13, what is -9 - -32b0c6?
32b0ba
In base 4, what is 2202110 + -10002223?
-1200113
In base 11, what is 1 + 563022?
563023
In base 4, what is 1203223130 + -132203?
1203030321
In base 16, what is -7f1 - -91b3?
89c2
In base 16, what is -13dd5 + 186a?
-1256b
In base 6, what is -142 + 11314122?
11313540
In base 10, what is -37 + -533331?
-533368
In base 9, what is -1265 - -34081?
32715
In base 5, what is -433 + 234034?
233101
In base 7, what is -51 + 241453?
241402
In base 7, what is -63412 + -11543?
-105255
In base 16, what is 14b + -1d4133?
-1d3fe8
In base 9, what is -30883164 - 0?
-30883164
In base 8, what is -1700257567 + 4?
-1700257563
In base 5, what is -4 + -1121142104?
-1121142113
In base 7, what is 103421256 + 5?
103421264
In base 11, what is -a9 - 4a117?
-4a215
In base 2, what is 110010011001 - -1100100100101?
10010110111110
In base 15, what is 1651 - 3ad4?
-2483
In base 12, what is -150 + 1a7a6?
1a656
In base 8, what is -765 + -55405?
-56372
In base 13, what is 23b9 + -61222?
-5bb36
In base 7, what is 